nder when 895 is divided by (-30)/150 + 1842/10?
159
What is the remainder when 5 + 7 - (-7480)/11 is divided by 62?
10
Let f be 8/((-24)/759) - 8. Let q = 95 + -36. Calculate the remainder when q is divided by (-40)/9*f/58.
19
Let h(n) = 3*n**2 + 19*n - 5. Let r = 30 + -29. Let t be (-2)/(-3) - (r - (-174)/18). Calculate the remainder when h(t) is divided by 18.
15
Suppose -8*m + 16 = -4*m. Suppose -m*b + 21 = -15. Suppose 96 = b*z - 3*z. What is the remainder when 76 is divided by z?
12
Let o(c) = c**2 - 87*c - 948. What is the remainder when o(-13) is divided by 118?
116
Suppose 0 = 3*z - 5*z + 44. Calculate the remainder when 229 is divided by (957/z)/((-6)/(-8)).
55
Let a(y) be the first derivative of y**2 + 94*y + 40. Calculate the remainder when 689 is divided by a(-32).
29
What is the remainder when 5124/(-35)*20/(-6)*1 is divided by 12?
8
Let s be (-276)/(-66) - (-2)/(-11). Suppose -7*b - 10 = -2*b, 0 = s*x + 3*b - 18. Let k = 1020 - 1014. Calculate the remainder when x is divided by k.
0
Suppose -3307*u + 3305*u + 2565 = j, 3*j - 5125 = -4*u. Calculate the remainder when 3855 is divided by u.
0
Suppose -2*l + 15 = 3*x - 60, -5*x = -2*l - 125. Suppose 2 = -3*n + 20. Suppose n*s - 518 = -s. Calculate the remainder when s is divided by x.
24
Let z be 1 + 1 - (30/6 + -12). Let d(i) = i + 1. What is the remainder when 33 is divided by d(z)?
3
Suppose 4*k - 86 = 5*o, -3*k - o + 11 = -25. Calculate the remainder when 2349 is divided by k.
11
Suppose -4*j + i - 50 = -126, 4*i = 3*j - 57. Calculate the remainder when 6514 is divided by j.
16
Let x = 110 + -58. What is the remainder when -4 - (-99 - (-6 + 11)) is divided by x?
48
Suppose -6*b = -11*b - 2*t + 5450, -5*t = 2*b - 2180. Calculate the remainder when 187 is divided by (-1)/(b/550 - (1 + 1)).
22
Let f = 42 - 40. Suppose 2*c - 3 = 7. Suppose -f*p + o = 7 - 36, c*p = -5*o + 95. Calculate the remainder when 63 is divided by p.
15
Let u = -2929 - -2994. Calculate the remainder when 1882 is divided by u.
62
Let z = -98 - -94. What is the remainder when 98 - -1*4/(-4)*z is divided by 27?
21
Let k be (20/8)/((-8)/(-16)). Let p(j) = -5*j + 46. Calculate the remainder when 65 is divided by p(k).
2
Let o(g) = g - 13 + 0*g**2 - 13*g**2 + 11*g - 13 + g**3. Let w(z) = -6*z - 36. Calculate the remainder when o(13) is divided by w(-8).
10
Let l(c) be the third derivative of -c**4/6 - 65*c**3/6 - 4*c**2 - 2. Calculate the remainder when l(-26) is divided by 3.
0
Let f(l) = -2*l**2 - 15*l - 8. Let n = -172 - -32. Let u = n + 258. What is the remainder when u is divided by f(-4)?
18
Let f be (-6)/8*5/((-5)/12). Suppose f*j + 49 = 184. Calculate the remainder when (58/(-6))/((-4)/24) is divided by j.
13
Calculate the remainder when 98 + (23 - (-14 + 28)) is divided by 50.
7
Let f(m) = m**3 + 20*m**2 - 13*m + 136. Let l be f(-21). Calculate the remainder when 29 is divided by (-121)/11 - l - 2*2.
12
Let y(m) = -20*m - 131. Let s be y(-7). Let z(b) = -b**3 + 9*b**2 + 7*b - 16. What is the remainder when 137 is divided by z(s)?
43
Let a = 54 - 50. Suppose -4*j + 65 = 4*o - o, -j = a*o - 26. Suppose -j*p = -8*p - 954. Calculate the remainder when p is divided by 27.
24
Suppose 2*q - 14*q = 3*q - 70410. What is the remainder when q is divided by 162?
158
Let u(h) = h**2 + 24*h + 168. Let f(q) = -7*q**2 - 6*q - 4. Let n be f(-2). Calculate the remainder when 613 is divided by u(n).
85
Suppose -1741 = 14*y - 7453. Calculate the remainder when y is divided by 3.
0
Let w = -16488 + 16506. What is the remainder when 5542 is divided by w?
16
Suppose 6*n + 1359 = q, 675 = -5*n - 3*q - 446. Let v = 462 + n. Calculate the remainder when v is divided by 8.
4
Let o = 33 + 2. Let d(c) = c**3 - 5*c**2 + 3*c + 95. What is the remainder when d(0) is divided by ((-30)/o)/((-1)/28)?
23
Suppose 0 = 26*i - 0 - 0. Suppose -2*q + 16 = -3*s, -2*q - 3*q + s + 40 = i. What is the remainder when 102 is divided by q?
6
Suppose t + 78 = 4*t. Let z = 2007 + -1854. What is the remainder when z is divided by t?
23
Calculate the remainder when ((-480)/(-14))/6*(-168)/(-2) is divided by 13.
12
Let z(b) = -141*b - 1356. Calculate the remainder when 1331 is divided by z(-10).
35
Let n(s) = -324*s + 903. Calculate the remainder when n(-13) is divided by 17.
15
Let m(o) = -o**3 + 10*o**2 - 12*o + 15. Let q be m(6). Let t = q - 71. What is the remainder when t is divided by 8?
0
Suppose -3*a + 40 = -a. Suppose 356 + 85 = 3*k. Let u = k + -69. Calculate the remainder when u is divided by a.
18
Suppose -2*l = s - 14 + 2, 6 = l - 5*s. Suppose 2*y + 114 = 30. Let p = -35 - y. Calculate the remainder when p is divided by l.
1
Let j(k) = 14*k**3 - 2*k. Let y be (-616)/112*(-4)/22. Calculate the remainder when 17 is divided by j(y).
5
Let q(r) = 2*r**3 + 65*r**2 + 29*r - 41. What is the remainder when q(-32) is divided by (5/((-20)/112))/(-1)?
27
Suppose -35 = -5*p + 20. What is the remainder when p is divided by ((-56)/12)/((-6)/(-18)*-8 + 2)?
4
Suppose -2*o + 4 = -2*p, 2 = -p + o + 4*o. Let m(r) = -r**3 - 26*r**2 - 34*r - 56. Calculate the remainder when m(-25) is divided by (p/(-3) + 6/18)*43.
40
Suppose 13*t - 5*y + 3995 = 18*t, 4*t + 2*y - 3192 = 0. What is the remainder when t is divided by 350?
97
Suppose -20*v = 39*v - 2*v - 6954. What is the remainder when v is divided by 20?
2
Let q(u) = -u**2 + 297*u - 6733. What is the remainder when q(30) is divided by 630?
17
Let u(y) = -5*y - 3. Let d be u(-2). Suppose d*b - 230 = -4*h + 6*b, 4*h + 2*b = 228. What is the remainder when 125 is divided by h?
9
Let d(l) = -l**3 + 4*l**2 - 2*l - 7. Let p be d(3). Let o be ((-18)/4 - p)*82. Let n = -4 - o. Calculate the remainder when n is divided by 10.
7
Let j = 6254 + -6024. Calculate the remainder when 652 is divided by j.
192
Suppose 0 = 3*v - 4*y - 539, 5*v + 9*y = 4*y + 910. What is the remainder when v is divided by 106?
75
Let h = -3733 - -3765. What is the remainder when 1949 is divided by h?
29
Let r = -10652 - -10921. Calculate the remainder when r is divided by 23.
16
Suppose 7831 = 5*u - 631*k + 632*k, 0 = -6*u + 5*k + 9422. Calculate the remainder when u is divided by 24.
7
Suppose 6*i = 16*i + 8490. Let q = -785 - i. Calculate the remainder when 318 is divided by q.
62
Let b = -49 - -45. Let s be ((-35)/(-14))/((-2)/b). What is the remainder when (s/(10/(-14)))/(3/(-69)) is divided by 41?
38
Suppose 5*p - 3*d = 2298, 5*d + 923 = p + p. Suppose -t - 33*t = 6*t - 840. What is the remainder when p is divided by t?
18
Suppose -5*s + 2*k = -504, -164*k = s - 160*k - 70. What is the remainder when 290 is divided by s?
94
Let o(n) = 7*n**2 + 33*n + 56. Calculate the remainder when 113 is divided by o(-6).
3
What is the remainder when (-4 + 1)/((-11)/1705) is divided by 21*((-988)/931)/(4/(-14))?
75
Let h(i) = 131*i - 15563. What is the remainder when (-75)/(-1) - 1/(-1) is divided by h(119)?
24
Suppose 5*h - 4*w = -58, -w + 77 - 25 = -5*h. Let n(d) = d**2 + 7*d - 7. Calculate the remainder when n(h) is divided by 3.
2
Suppose 0 = -p + 7 + 12. Let j(w) = -w**2 - 17*w - 15. Let g(v) = -11*v + 76. Let s be g(8). What is the remainder when j(s) is divided by p?
7
Let k = -2125 + 2241. Suppose 4*v + 2*y - 2395 + 949 = 0, -2*v = 4*y - 708. Calculate the remainder when v is divided by k.
16
Let g = -14545 - -14673. What is the remainder when 144 is divided by g?
16
Let b = 70 - 39. Suppose 0 = 23*l - 7*l - 256. Calculate the remainder when (-9)/(-6) + 888/l is divided by b.
26
Suppose -d + 60 = 4*d. Let z = 18 + d. What is the remainder when z is divided by 5 - -2*-2*(-15)/20?
6
Suppose -273*t = -246*t - 297. Suppose 0 = -4*u + 4*g - 37 + 161, u + 5*g = 37. Calculate the remainder when u is divided by t.
10
Let q(n) = -6*n**2 - 95*n + 18. Calculate the remainder when q(-10) is divided by 17.
11
Let i(m) be the second derivative of m**5/20 + 5*m**4/4 + 3*m**3 - 11*m**2/2 - 3*m. Calculate the remainder when i(-13) is divided by (3 - 2) + 36/2.
17
Suppose -5 = 11*q + 6. Let r be ((50/6)/5)/(q/(-6)). Suppose 4*c - 138 = -r. Calculate the remainder when 124 is divided by c.
28
Let o be -5*(-4 + -1)/(-25)*0. Let s = 5 + o. Calculate the remainder when (-258)/(-21) + (-4)/14 is divided by s.
2
Let q = -37 + 134. Calculate the remainder when q is divided by 